[INFO] cloning repository https://github.com/U1tra-Labs/solana-program-library
[INFO] running `Command { std: "git" "-c" "credential.helper=" "-c" "credential.helper=/workspace/cargo-home/bin/git-credential-null" "clone" "--bare" "https://github.com/U1tra-Labs/solana-program-library" "/workspace/cache/git-repos/https%3A%2F%2Fgithub.com%2FU1tra-Labs%2Fsolana-program-library", kill_on_drop: false }`
[INFO] [stderr] Cloning into bare repository '/workspace/cache/git-repos/https%3A%2F%2Fgithub.com%2FU1tra-Labs%2Fsolana-program-library'...
[INFO] running `Command { std: "git" "rev-parse" "HEAD", kill_on_drop: false }`
[INFO] [stdout] eaf7e1633ae65a5c55c8a678d5510fbba6066108
[INFO] checking U1tra-Labs/solana-program-library against master#9610dfe5a9a731ced1ea4923ecbd0c57fe367898 for beta-170-4
[INFO] running `Command { std: "git" "clone" "/workspace/cache/git-repos/https%3A%2F%2Fgithub.com%2FU1tra-Labs%2Fsolana-program-library" "/workspace/builds/worker-0-tc1/source", kill_on_drop: false }`
[INFO] [stderr] Cloning into '/workspace/builds/worker-0-tc1/source'...
[INFO] [stderr] done.
[INFO] validating manifest of git repo https://github.com/U1tra-Labs/solana-program-library on toolchain 9610dfe5a9a731ced1ea4923ecbd0c57fe367898
[INFO] running `Command { std: CARGO_HOME="/workspace/cargo-home" RUSTUP_HOME="/workspace/rustup-home" "/workspace/cargo-home/bin/cargo" "+9610dfe5a9a731ced1ea4923ecbd0c57fe367898" "metadata" "--manifest-path" "Cargo.toml" "--no-deps", kill_on_drop: false }`
[INFO] started tweaking git repo https://github.com/U1tra-Labs/solana-program-library
[INFO] finished tweaking git repo https://github.com/U1tra-Labs/solana-program-library
[INFO] tweaked toml for git repo https://github.com/U1tra-Labs/solana-program-library written to /workspace/builds/worker-0-tc1/source/Cargo.toml
[INFO] crate git repo https://github.com/U1tra-Labs/solana-program-library already has a lockfile, it will not be regenerated
[INFO] running `Command { std: CARGO_HOME="/workspace/cargo-home" RUSTUP_HOME="/workspace/rustup-home" "/workspace/cargo-home/bin/cargo" "+9610dfe5a9a731ced1ea4923ecbd0c57fe367898" "fetch" "--manifest-path" "Cargo.toml", kill_on_drop: false }`
[INFO] [stderr]     Updating crates.io index
[INFO] [stderr]  Downloading crates ...
[INFO] [stderr]   Downloaded solana-sdk-macro v1.10.19
[INFO] [stderr]   Downloaded tarpc v0.27.2
[INFO] [stderr]   Downloaded rcgen v0.9.2
[INFO] [stderr]   Downloaded dialoguer v0.10.0
[INFO] [stderr]   Downloaded pem v1.0.2
[INFO] [stderr]   Downloaded webpki-roots v0.22.1
[INFO] [stderr]   Downloaded solana-cli-config v1.10.19
[INFO] [stderr]   Downloaded inout v0.1.2
[INFO] [stderr]   Downloaded solana-measure v1.10.19
[INFO] [stderr]   Downloaded tarpc-plugins v0.12.0
[INFO] [stderr]   Downloaded sysctl v0.4.4
[INFO] [stderr]   Downloaded pyo3-macros v0.15.1
[INFO] [stderr]   Downloaded prost-derive v0.10.0
[INFO] [stderr]   Downloaded zstd-safe v5.0.1+zstd.1.5.2
[INFO] [stderr]   Downloaded solana-geyser-plugin-manager v1.10.19
[INFO] [stderr]   Downloaded prost-types v0.10.0
[INFO] [stderr]   Downloaded indoc-impl v0.3.6
[INFO] [stderr]   Downloaded solana-banks-server v1.10.19
[INFO] [stderr]   Downloaded ouroboros_macro v0.14.2
[INFO] [stderr]   Downloaded prettyplease v0.1.9
[INFO] [stderr]   Downloaded solana-entry v1.10.19
[INFO] [stderr]   Downloaded reed-solomon-erasure v5.0.1
[INFO] [stderr]   Downloaded solana-rpc v1.10.19
[INFO] [stderr]   Downloaded spl-token-2022 v0.2.0
[INFO] [stderr]   Downloaded tonic v0.7.1
[INFO] [stderr]   Downloaded arbitrary v1.0.3
[INFO] [stderr]   Downloaded tracing-opentelemetry v0.15.0
[INFO] [stderr]   Downloaded hidapi v1.4.1
[INFO] [stderr]   Downloaded solana_rbpf v0.2.24
[INFO] [stderr]   Downloaded prost v0.10.0
[INFO] [stderr]   Downloaded enum_dispatch v0.3.7
[INFO] [stderr]   Downloaded indoc v0.3.6
[INFO] [stderr]   Downloaded pyo3-macros-backend v0.15.1
[INFO] [stderr]   Downloaded base64ct v1.5.0
[INFO] [stderr]   Downloaded pyo3 v0.15.1
[INFO] [stderr]   Downloaded solana-program-runtime v1.10.19
[INFO] [stderr]   Downloaded derive_arbitrary v1.0.2
[INFO] [stderr]   Downloaded solana-runtime v1.10.19
[INFO] [stderr]   Downloaded roots v0.0.7
[INFO] [stderr]   Downloaded pyo3-build-config v0.15.1
[INFO] [stderr]   Downloaded ouroboros v0.14.2
[INFO] [stderr]   Downloaded goauth v0.11.1
[INFO] [stderr]   Downloaded honggfuzz v0.5.54
[INFO] [stderr]   Downloaded tonic-build v0.7.0
[INFO] [stderr]   Downloaded solana-remote-wallet v1.10.19
[INFO] [stderr]   Downloaded solana-transaction-status v1.10.19
[INFO] [stderr]   Downloaded prost-build v0.10.0
[INFO] [stderr]   Downloaded solana-geyser-plugin-interface v1.10.19
[INFO] [stderr]   Downloaded solana-cli-output v1.10.19
[INFO] [stderr]   Downloaded solana-replica-lib v1.10.19
[INFO] [stderr]   Downloaded solana-streamer v1.10.19
[INFO] [stderr]   Downloaded solana-account-decoder v1.10.19
[INFO] [stderr]   Downloaded solana-storage-proto v1.10.19
[INFO] [stderr]   Downloaded solana-bloom v1.10.19
[INFO] [stderr]   Downloaded solana-faucet v1.10.19
[INFO] [stderr]   Downloaded solana-merkle-tree v1.10.19
[INFO] [stderr]   Downloaded solana-config-program v1.10.19
[INFO] [stderr]   Downloaded solana-clap-utils v1.10.19
[INFO] [stderr]   Downloaded solana-perf v1.10.19
[INFO] [stderr]   Downloaded zstd v0.11.1+zstd.1.5.2
[INFO] [stderr]   Downloaded solana-client v1.10.19
[INFO] [stderr]   Downloaded solana-gossip v1.10.19
[INFO] [stderr]   Downloaded solana-ledger v1.10.19
[INFO] [stderr]   Downloaded solana-program-test v1.10.19
[INFO] [stderr]   Downloaded solana-sdk v1.10.19
[INFO] [stderr]   Downloaded solana-vote-program v1.10.19
[INFO] [stderr]   Downloaded solana-frozen-abi-macro v1.10.19
[INFO] [stderr]   Downloaded solana-sys-tuner v1.10.19
[INFO] [stderr]   Downloaded solana-test-validator v1.10.19
[INFO] [stderr]   Downloaded solana-compute-budget-program v1.10.19
[INFO] [stderr]   Downloaded solana-metrics v1.10.19
[INFO] [stderr]   Downloaded solana-storage-bigtable v1.10.19
[INFO] [stderr]   Downloaded solana-address-lookup-table-program v1.10.19
[INFO] [stderr]   Downloaded solana-bucket-map v1.10.19
[INFO] [stderr]   Downloaded solana-program v1.10.19
[INFO] [stderr]   Downloaded solana-send-transaction-service v1.10.19
[INFO] [stderr]   Downloaded solana-bpf-loader-program v1.10.19
[INFO] [stderr]   Downloaded solana-version v1.10.19
[INFO] [stderr]   Downloaded solana-rayon-threadlimit v1.10.19
[INFO] [stderr]   Downloaded solana-zk-token-proof-program v1.10.19
[INFO] [stderr]   Downloaded solana-logger v1.10.19
[INFO] [stderr]   Downloaded solana-frozen-abi v1.10.19
[INFO] [stderr]   Downloaded solana-banks-client v1.10.19
[INFO] [stderr]   Downloaded solana-net-utils v1.10.19
[INFO] [stderr]   Downloaded solana-stake-program v1.10.19
[INFO] [stderr]   Downloaded solana-poh v1.10.19
[INFO] [stderr]   Downloaded solana-core v1.10.19
[INFO] [stderr]   Downloaded solana-banks-interface v1.10.19
[INFO] [stderr]   Downloaded solana-zk-token-sdk v0.8.1
[INFO] [stderr]   Downloaded solana-zk-token-sdk v1.10.19
[INFO] running `Command { std: "docker" "create" "-v" "/var/lib/crater-agent-workspace/builds/worker-0-tc1/target:/opt/rustwide/target:rw,Z" "-v" "/var/lib/crater-agent-workspace/builds/worker-0-tc1/source:/opt/rustwide/workdir:ro,Z" "-v" "/var/lib/crater-agent-workspace/cargo-home:/opt/rustwide/cargo-home:ro,Z" "-v" "/var/lib/crater-agent-workspace/rustup-home:/opt/rustwide/rustup-home:ro,Z" "-e" "SOURCE_DIR=/opt/rustwide/workdir" "-e" "CARGO_TARGET_DIR=/opt/rustwide/target" "-e" "CARGO_HOME=/opt/rustwide/cargo-home" "-e" "RUSTUP_HOME=/opt/rustwide/rustup-home" "-w" "/opt/rustwide/workdir" "-m" "1610612736" "--user" "0:0" "--network" "none" "ghcr.io/rust-lang/crates-build-env/linux@sha256:19e73879b68f455e41552ea35293514db52ea292d993f571636dbffedb77a1ee" "/opt/rustwide/cargo-home/bin/cargo" "+9610dfe5a9a731ced1ea4923ecbd0c57fe367898" "metadata" "--no-deps" "--format-version=1", kill_on_drop: false }`
[INFO] [stdout] 7f2d87b434363a43978fb173655289b37b925d7fd6f4957a28fdd016e5057463
[INFO] running `Command { std: "docker" "start" "-a" "7f2d87b434363a43978fb173655289b37b925d7fd6f4957a28fdd016e5057463", kill_on_drop: false }`
[INFO] running `Command { std: "docker" "inspect" "7f2d87b434363a43978fb173655289b37b925d7fd6f4957a28fdd016e5057463", kill_on_drop: false }`
[INFO] running `Command { std: "docker" "rm" "-f" "7f2d87b434363a43978fb173655289b37b925d7fd6f4957a28fdd016e5057463", kill_on_drop: false }`
[INFO] [stdout] 7f2d87b434363a43978fb173655289b37b925d7fd6f4957a28fdd016e5057463
[INFO] running `Command { std: "docker" "create" "-v" "/var/lib/crater-agent-workspace/builds/worker-0-tc1/target:/opt/rustwide/target:rw,Z" "-v" "/var/lib/crater-agent-workspace/builds/worker-0-tc1/source:/opt/rustwide/workdir:ro,Z" "-v" "/var/lib/crater-agent-workspace/cargo-home:/opt/rustwide/cargo-home:ro,Z" "-v" "/var/lib/crater-agent-workspace/rustup-home:/opt/rustwide/rustup-home:ro,Z" "-e" "SOURCE_DIR=/opt/rustwide/workdir" "-e" "CARGO_TARGET_DIR=/opt/rustwide/target" "-e" "CARGO_INCREMENTAL=0" "-e" "RUST_BACKTRACE=full" "-e" "RUSTFLAGS=--cap-lints=forbid" "-e" "RUSTDOCFLAGS=--cap-lints=forbid" "-e" "CARGO_HOME=/opt/rustwide/cargo-home" "-e" "RUSTUP_HOME=/opt/rustwide/rustup-home" "-w" "/opt/rustwide/workdir" "-m" "1610612736" "--user" "0:0" "--network" "none" "ghcr.io/rust-lang/crates-build-env/linux@sha256:19e73879b68f455e41552ea35293514db52ea292d993f571636dbffedb77a1ee" "/opt/rustwide/cargo-home/bin/cargo" "+9610dfe5a9a731ced1ea4923ecbd0c57fe367898" "check" "--frozen" "--all" "--all-targets" "--message-format=json", kill_on_drop: false }`
[INFO] [stdout] 8748e27393d31dd1d4034ad82375af0cb62205b364465b433bbbab032c908679
[INFO] running `Command { std: "docker" "start" "-a" "8748e27393d31dd1d4034ad82375af0cb62205b364465b433bbbab032c908679", kill_on_drop: false }`
[INFO] [stderr]    Compiling proc-macro2 v1.0.36
[INFO] [stderr]    Compiling libc v0.2.124
[INFO] [stderr]    Compiling unicode-xid v0.2.2
[INFO] [stderr]    Compiling syn v1.0.91
[INFO] [stderr]     Checking cfg-if v1.0.0
[INFO] [stderr]    Compiling version_check v0.9.3
[INFO] [stderr]    Compiling autocfg v1.1.0
[INFO] [stderr]    Compiling serde_derive v1.0.136
[INFO] [stderr]    Compiling serde v1.0.136
[INFO] [stderr]    Compiling log v0.4.14
[INFO] [stderr]     Checking once_cell v1.9.0
[INFO] [stderr]     Checking lazy_static v1.4.0
[INFO] [stderr]     Checking scopeguard v1.1.0
[INFO] [stderr]    Compiling typenum v1.15.0
[INFO] [stderr]    Compiling crossbeam-utils v0.8.5
[INFO] [stderr]    Compiling generic-array v0.14.5
[INFO] [stderr]    Compiling memoffset v0.6.5
[INFO] [stderr]    Compiling crossbeam-epoch v0.9.5
[INFO] [stderr]    Compiling quote v1.0.14
[INFO] [stderr]    Compiling memchr v2.4.1
[INFO] [stderr]    Compiling rayon-core v1.9.2
[INFO] [stderr]    Compiling ahash v0.7.6
[INFO] [stderr]    Compiling rayon v1.5.2
[INFO] [stderr]    Compiling semver v1.0.7
[INFO] [stderr]     Checking num_cpus v1.13.1
[INFO] [stderr]     Checking getrandom v0.2.3
[INFO] [stderr]    Compiling jobserver v0.1.24
[INFO] [stderr]     Checking ppv-lite86 v0.2.15
[INFO] [stderr]    Compiling cc v1.0.72
[INFO] [stderr]     Checking crossbeam-channel v0.5.1
[INFO] [stderr]    Compiling rustc_version v0.4.0
[INFO] [stderr]     Checking either v1.6.1
[INFO] [stderr]     Checking rand_core v0.6.3
[INFO] [stderr]     Checking subtle v2.4.1
[INFO] [stderr]     Checking base64 v0.13.0
[INFO] [stderr]     Checking bitflags v1.3.2
[INFO] [stderr]     Checking byteorder v1.4.3
[INFO] [stderr]     Checking crossbeam-deque v0.8.1
[INFO] [stderr]     Checking cpufeatures v0.2.1
[INFO] [stderr]     Checking hashbrown v0.11.2
[INFO] [stderr]    Compiling getrandom v0.1.16
[INFO] [stderr]    Compiling num-traits v0.2.14
[INFO] [stderr]    Compiling crunchy v0.2.2
[INFO] [stderr]     Checking opaque-debug v0.3.0
[INFO] [stderr]     Checking block-padding v0.2.1
[INFO] [stderr]    Compiling wasm-bindgen-shared v0.2.80
[INFO] [stderr]     Checking rand_core v0.5.1
[INFO] [stderr]    Compiling rustversion v1.0.6
[INFO] [stderr]    Compiling feature-probe v0.1.1
[INFO] [stderr]     Checking rand_pcg v0.2.1
[INFO] [stderr]     Checking rand_chacha v0.2.2
[INFO] [stderr]     Checking rand v0.7.3
[INFO] [stderr]    Compiling bumpalo v3.8.0
[INFO] [stderr]    Compiling bv v0.11.1
[INFO] [stderr]    Compiling solana-frozen-abi-macro v1.10.19
[INFO] [stderr]     Checking bitmaps v2.1.0
[INFO] [stderr]    Compiling im v15.1.0
[INFO] [stderr]     Checking keccak v0.1.0
[INFO] [stderr]    Compiling blake3 v1.3.1
[INFO] [stderr]    Compiling solana-frozen-abi v1.10.19
[INFO] [stderr]     Checking rand_xoshiro v0.6.0
[INFO] [stderr]     Checking arrayref v0.3.6
[INFO] [stderr]    Compiling wasm-bindgen v0.2.80
[INFO] [stderr]    Compiling solana-program v1.10.19
[INFO] [stderr]     Checking memmap2 v0.5.3
[INFO] [stderr]    Compiling bs58 v0.4.0
[INFO] [stderr]     Checking sized-chunks v0.6.5
[INFO] [stderr]     Checking base64 v0.12.3
[INFO] [stderr]     Checking constant_time_eq v0.1.5
[INFO] [stderr]     Checking arrayvec v0.7.2
[INFO] [stderr]     Checking itertools v0.10.3
[INFO] [stderr]     Checking itoa v1.0.1
[INFO] [stderr]     Checking fnv v1.0.7
[INFO] [stderr]     Checking pin-project-lite v0.2.7
[INFO] [stderr]     Checking smallvec v1.7.0
[INFO] [stderr]     Checking lock_api v0.4.6
[INFO] [stderr]    Compiling parking_lot_core v0.8.5
[INFO] [stderr]     Checking instant v0.1.12
[INFO] [stderr]     Checking bytes v1.1.0
[INFO] [stderr]     Checking ryu v1.0.9
[INFO] [stderr]    Compiling futures-core v0.3.21
[INFO] [stderr]    Compiling serde_json v1.0.79
[INFO] [stderr]     Checking percent-encoding v2.1.0
[INFO] [stderr]     Checking futures-sink v0.3.21
[INFO] [stderr]     Checking regex-syntax v0.6.25
[INFO] [stderr]     Checking aho-corasick v0.7.18
[INFO] [stderr]    Compiling num-integer v0.1.44
[INFO] [stderr]     Checking slab v0.4.5
[INFO] [stderr]    Compiling futures-channel v0.3.21
[INFO] [stderr]     Checking parking_lot v0.11.2
[INFO] [stderr]    Compiling futures-task v0.3.21
[INFO] [stderr]    Compiling tokio v1.14.1
[INFO] [stderr]    Compiling futures-util v0.3.21
[INFO] [stderr]     Checking futures-io v0.3.21
[INFO] [stderr]    Compiling synstructure v0.12.6
[INFO] [stderr]    Compiling wasm-bindgen-backend v0.2.80
[INFO] [stderr]    Compiling borsh-derive-internal v0.9.3
[INFO] [stderr]    Compiling borsh-schema-derive-internal v0.9.3
[INFO] [stderr]     Checking signal-hook-registry v1.4.0
[INFO] [stderr]     Checking mio v0.7.14
[INFO] [stderr]    Compiling indexmap v1.8.1
[INFO] [stderr]     Checking pin-utils v0.1.0
[INFO] [stderr]     Checking futures v0.1.31
[INFO] [stderr]     Checking atty v0.2.14
[INFO] [stderr]     Checking time v0.1.44
[INFO] [stderr]     Checking regex v1.5.5
[INFO] [stderr]     Checking signature v1.4.0
[INFO] [stderr]     Checking humantime v2.1.0
[INFO] [stderr]     Checking ed25519 v1.3.0
[INFO] [stderr]    Compiling wasm-bindgen-macro-support v0.2.80
[INFO] [stderr]     Checking termcolor v1.1.2
[INFO] [stderr]    Compiling pkg-config v0.3.24
[INFO] [stderr]    Compiling solana-sdk v1.10.19
[INFO] [stderr]     Checking tracing-core v0.1.21
[INFO] [stderr]     Checking derivation-path v0.2.0
[INFO] [stderr]     Checking qstring v0.7.2
[INFO] [stderr]     Checking uriparse v0.6.4
[INFO] [stderr]    Compiling ring v0.16.20
[INFO] [stderr]     Checking env_logger v0.9.0
[INFO] [stderr]     Checking assert_matches v1.5.0
[INFO] [stderr]     Checking spin v0.5.2
[INFO] [stderr]     Checking untrusted v0.7.1
[INFO] [stderr]    Compiling anyhow v1.0.52
[INFO] [stderr]     Checking solana-logger v1.10.19
[INFO] [stderr]     Checking http v0.2.6
[INFO] [stderr]     Checking tinyvec_macros v0.1.0
[INFO] [stderr]     Checking tinyvec v1.5.1
[INFO] [stderr]    Compiling httparse v1.5.1
[INFO] [stderr]     Checking socket2 v0.4.4
[INFO] [stderr]     Checking matches v0.1.9
[INFO] [stderr]     Checking tower-service v0.3.1
[INFO] [stderr]    Compiling openssl-src v111.18.0+1.1.1n
[INFO] [stderr]     Checking try-lock v0.2.3
[INFO] [stderr]    Compiling rustls v0.20.4
[INFO] [stderr]     Checking want v0.3.0
[INFO] [stderr]     Checking itoa v0.4.8
[INFO] [stderr]     Checking httpdate v1.0.2
[INFO] [stderr]    Compiling openssl-sys v0.9.72
[INFO] [stderr]     Checking unicode-bidi v0.3.7
[INFO] [stderr]     Checking unicode-normalization v0.1.19
[INFO] [stderr]     Checking static_assertions v1.1.0
[INFO] [stderr]     Checking openssl-probe v0.1.5
[INFO] [stderr]     Checking foreign-types-shared v0.1.1
[INFO] [stderr]    Compiling openssl v0.10.38
[INFO] [stderr]     Checking http-body v0.4.4
[INFO] [stderr]    Compiling thiserror-impl v1.0.30
[INFO] [stderr]    Compiling zeroize_derive v1.2.2
[INFO] [stderr]    Compiling bytemuck_derive v1.1.0
[INFO] [stderr]    Compiling wasm-bindgen-macro v0.2.80
[INFO] [stderr]     Checking zeroize v1.3.0
[INFO] [stderr]    Compiling solana-sdk-macro v1.10.19
[INFO] [stderr]     Checking bytemuck v1.8.0
[INFO] [stderr]    Compiling num-derive v0.3.3
[INFO] [stderr]    Compiling futures-macro v0.3.21
[INFO] [stderr]    Compiling tokio-macros v1.7.0
[INFO] [stderr]     Checking thiserror v1.0.30
[INFO] [stderr]    Compiling tracing-attributes v0.1.18
[INFO] [stderr]    Compiling derivative v2.2.0
[INFO] [stderr]     Checking tracing v0.1.29
[INFO] [stderr]     Checking webpki v0.22.0
[INFO] [stderr]     Checking sct v0.7.0
[INFO] [stderr]     Checking foreign-types v0.3.2
[INFO] [stderr]     Checking form_urlencoded v1.0.1
[INFO] [stderr]     Checking rand_chacha v0.3.1
[INFO] [stderr]     Checking rand v0.8.5
[INFO] [stderr]     Checking idna v0.2.3
[INFO] [stderr]    Compiling native-tls v0.2.10
[INFO] [stderr]    Compiling enum-iterator-derive v0.7.0
[INFO] [stderr]     Checking url v2.2.2
[INFO] [stderr]    Compiling solana-program-runtime v1.10.19
[INFO] [stderr]     Checking mime v0.3.16
[INFO] [stderr]     Checking enum-iterator v0.7.0
[INFO] [stderr]     Checking tokio-util v0.7.1
[INFO] [stderr]     Checking tokio-rustls v0.23.2
[INFO] [stderr]     Checking webpki-roots v0.22.1
[INFO] [stderr]     Checking libloading v0.7.3
[INFO] [stderr]    Compiling encoding_rs v0.8.30
[INFO] [stderr]     Checking rustls-pemfile v0.3.0
[INFO] [stderr]     Checking ipnet v2.3.1
[INFO] [stderr]     Checking remove_dir_all v0.5.3
[INFO] [stderr]     Checking fastrand v1.7.0
[INFO] [stderr]     Checking gethostname v0.2.3
[INFO] [stderr]     Checking futures-executor v0.3.21
[INFO] [stderr]    Compiling solana-vote-program v1.10.19
[INFO] [stderr]     Checking h2 v0.3.13
[INFO] [stderr]     Checking tempfile v3.3.0
[INFO] [stderr]     Checking futures v0.3.21
[INFO] [stderr]     Checking merlin v3.0.0
[INFO] [stderr]     Checking unicode-width v0.1.9
[INFO] [stderr]    Compiling heck v0.4.0
[INFO] [stderr]    Compiling async-trait v0.1.53
[INFO] [stderr]    Compiling proc-macro2 v0.4.30
[INFO] [stderr]    Compiling bzip2-sys v0.1.11+1.0.8
[INFO] [stderr]    Compiling zstd-sys v2.0.1+zstd.1.5.2
[INFO] [stderr]     Checking solana-rayon-threadlimit v1.10.19
[INFO] [stderr]    Compiling unicode-xid v0.1.0
[INFO] [stderr]     Checking bincode v1.3.3
[INFO] [stderr]     Checking serde_bytes v0.11.5
[INFO] [stderr]     Checking crypto-common v0.1.3
[INFO] [stderr]     Checking digest v0.9.0
[INFO] [stderr]     Checking block-buffer v0.10.2
[INFO] [stderr]     Checking block-buffer v0.9.0
[INFO] [stderr]     Checking digest v0.10.3
[INFO] [stderr]     Checking crypto-mac v0.8.0
[INFO] [stderr]     Checking sha2 v0.9.8
[INFO] [stderr]     Checking hmac v0.8.1
[INFO] [stderr]     Checking sha2 v0.10.2
[INFO] [stderr]     Checking curve25519-dalek v3.2.1
[INFO] [stderr]    Compiling toml v0.5.8
[INFO] [stderr]     Checking hmac-drbg v0.3.0
[INFO] [stderr]     Checking libsecp256k1-core v0.2.2
[INFO] [stderr]     Checking sha3 v0.10.1
[INFO] [stderr]     Checking ed25519-dalek v1.0.1
[INFO] [stderr]     Checking hmac v0.12.1
[INFO] [stderr]     Checking chrono v0.4.19
[INFO] [stderr]    Compiling proc-macro-crate v0.1.5
[INFO] [stderr]     Checking ed25519-dalek-bip32 v0.2.0
[INFO] [stderr]     Checking pbkdf2 v0.10.1
[INFO] [stderr]    Compiling proc-macro-crate v1.1.0
[INFO] [stderr]     Checking hyper v0.14.16
[INFO] [stderr]     Checking serde_urlencoded v0.7.1
[INFO] [stderr]     Checking cipher v0.3.0
[INFO] [stderr]     Checking universal-hash v0.4.1
[INFO] [stderr]     Checking aead v0.4.3
[INFO] [stderr]     Checking sha3 v0.9.1
[INFO] [stderr]     Checking ctr v0.8.0
[INFO] [stderr]     Checking polyval v0.5.3
[INFO] [stderr]     Checking aes v0.7.5
[INFO] [stderr]     Checking inout v0.1.2
[INFO] [stderr]    Compiling proc-macro-error-attr v1.0.4
[INFO] [stderr]    Compiling libsecp256k1-gen-genmult v0.2.1
[INFO] [stderr]    Compiling libsecp256k1-gen-ecmult v0.2.1
[INFO] [stderr]    Compiling borsh-derive v0.9.3
[INFO] [stderr]    Compiling num_enum_derive v0.5.5
[INFO] [stderr]     Checking cipher v0.4.3
[INFO] [stderr]     Checking aes-gcm-siv v0.10.3
[INFO] [stderr]    Compiling libsecp256k1 v0.6.0
[INFO] [stderr]    Compiling syn v0.15.44
[INFO] [stderr]    Compiling quote v0.6.13
[INFO] [stderr]    Compiling proc-macro-error v1.0.4
[INFO] [stderr]    Compiling zstd-safe v5.0.1+zstd.1.5.2
[INFO] [stderr]     Checking same-file v1.0.6
[INFO] [stderr]     Checking borsh v0.9.3
[INFO] [stderr]     Checking walkdir v2.3.2
[INFO] [stderr]     Checking textwrap v0.11.0
[INFO] [stderr]    Compiling lz4-sys v1.9.3
[INFO] [stderr]     Checking num_enum v0.5.5
[INFO] [stderr]     Checking nix v0.23.1
[INFO] [stderr]     Checking strsim v0.8.0
[INFO] [stderr]    Compiling crc32fast v1.3.0
[INFO] [stderr]     Checking ansi_term v0.12.1
[INFO] [stderr]     Checking vec_map v0.8.2
[INFO] [stderr]     Checking clap v2.34.0
[INFO] [stderr]    Compiling Inflector v0.11.4
[INFO] [stderr]    Compiling modular-bitfield-impl v0.11.2
[INFO] [stderr]    Compiling solana-stake-program v1.10.19
[INFO] [stderr]     Checking hyper-rustls v0.23.0
[INFO] [stderr]    Compiling solana-address-lookup-table-program v1.10.19
[INFO] [stderr]     Checking errno v0.2.8
[INFO] [stderr]    Compiling solana-perf v1.10.19
[INFO] [stderr]     Checking adler v1.0.2
[INFO] [stderr]     Checking miniz_oxide v0.5.1
[INFO] [stderr]     Checking caps v0.5.3
[INFO] [stderr]    Compiling ouroboros_macro v0.14.2
[INFO] [stderr]    Compiling strum_macros v0.24.0
[INFO] [stderr]    Compiling dlopen_derive v0.1.4
[INFO] [stderr]     Checking tokio-stream v0.1.8
[INFO] [stderr]    Compiling pin-project-internal v1.0.9
[INFO] [stderr]     Checking modular-bitfield v0.11.2
[INFO] [stderr]    Compiling solana-runtime v1.10.19
[INFO] [stderr]     Checking dlopen v0.1.8
[INFO] [stderr]     Checking xattr v0.2.2
[INFO] [stderr]     Checking terminal_size v0.1.17
[INFO] [stderr]     Checking filetime v0.2.15
[INFO] [stderr]     Checking aliasable v0.1.3
[INFO] [stderr]     Checking num_threads v0.1.5
[INFO] [stderr]     Checking stable_deref_trait v1.2.0
[INFO] [stderr]     Checking time v0.3.9
[INFO] [stderr]     Checking tar v0.4.38
[INFO] [stderr]     Checking flate2 v1.0.23
[INFO] [stderr]     Checking dir-diff v0.3.2
[INFO] [stderr]     Checking dashmap v4.0.2
[INFO] [stderr]    Compiling parking_lot_core v0.9.2
[INFO] [stderr]     Checking symlink v0.1.0
[INFO] [stderr]     Checking index_list v0.2.7
[INFO] [stderr]     Checking strum v0.24.0
[INFO] [stderr]     Checking console v0.15.0
[INFO] [stderr]    Compiling hidapi v1.4.1
[INFO] [stderr]     Checking ouroboros v0.14.2
[INFO] [stderr]    Compiling solana-version v1.10.19
[INFO] [stderr]     Checking jsonrpc-core v18.0.0
[INFO] [stderr]     Checking rustls-pemfile v0.2.1
[INFO] [stderr]     Checking dialoguer v0.10.0
[INFO] [stderr]     Checking pin-project v1.0.9
[INFO] [stderr]     Checking parking_lot v0.12.0
[INFO] [stderr]     Checking rustls-native-certs v0.6.1
[INFO] [stderr]     Checking pbkdf2 v0.4.0
[INFO] [stderr]     Checking fxhash v0.2.1
[INFO] [stderr]     Checking linked-hash-map v0.5.4
[INFO] [stderr]     Checking rustc-hash v1.1.0
[INFO] [stderr]     Checking const-oid v0.7.1
[INFO] [stderr]     Checking tiny-bip39 v0.8.2
[INFO] [stderr]     Checking der v0.5.1
[INFO] [stderr]     Checking quinn-proto v0.8.2
[INFO] [stderr]     Checking yaml-rust v0.4.5
[INFO] [stderr]     Checking rpassword v6.0.1
[INFO] [stderr]     Checking dirs-sys-next v0.1.2
[INFO] [stderr]     Checking base64ct v1.5.0
[INFO] [stderr]     Checking dirs-next v2.0.0
[INFO] [stderr]     Checking yasna v0.5.0
[INFO] [stderr]     Checking sha-1 v0.10.0
[INFO] [stderr]     Checking lru v0.7.5
[INFO] [stderr]     Checking serde_yaml v0.8.23
[INFO] [stderr]     Checking pem v1.0.2
[INFO] [stderr]     Checking utf-8 v0.7.6
[INFO] [stderr]     Checking number_prefix v0.4.0
[INFO] [stderr]     Checking tungstenite v0.17.2
[INFO] [stderr]     Checking spki v0.5.4
[INFO] [stderr]     Checking histogram v0.6.9
[INFO] [stderr]     Checking event-listener v2.5.2
[INFO] [stderr]     Checking rcgen v0.9.2
[INFO] [stderr]     Checking pkcs8 v0.8.0
[INFO] [stderr]     Checking async-mutex v1.4.0
[INFO] [stderr]     Checking indicatif v0.16.2
[INFO] [stderr]     Checking tokio-util v0.6.9
[INFO] [stderr]    Compiling scroll_derive v0.10.5
[INFO] [stderr]     Checking void v1.0.2
[INFO] [stderr]     Checking unreachable v1.0.0
[INFO] [stderr]     Checking ascii v0.9.3
[INFO] [stderr]     Checking tokio-tungstenite v0.17.1
[INFO] [stderr]     Checking plain v0.2.3
[INFO] [stderr]     Checking hash32 v0.1.1
[INFO] [stderr]     Checking combine v3.8.1
[INFO] [stderr]    Compiling num-bigint v0.4.3
[INFO] [stderr]     Checking rustc-demangle v0.1.21
[INFO] [stderr]     Checking chrono-humanize v0.2.1
[INFO] [stderr]     Checking scroll v0.10.2
[INFO] [stderr]     Checking thread_local v1.1.4
[INFO] [stderr]     Checking sharded-slab v0.1.4
[INFO] [stderr]     Checking opentelemetry v0.16.0
[INFO] [stderr]     Checking goblin v0.4.3
[INFO] [stderr]     Checking quinn-udp v0.1.1
[INFO] [stderr]     Checking spl-token v3.3.0
[INFO] [stderr]     Checking spl-memo v3.0.1
[INFO] [stderr]     Checking quinn v0.8.2
[INFO] [stderr]     Checking spl-token v3.3.0 (/opt/rustwide/workdir/token/program)
[INFO] [stderr]     Checking tracing-subscriber v0.2.25
[INFO] [stderr]     Checking spl-associated-token-account v1.0.5
[INFO] [stderr]    Compiling tarpc-plugins v0.12.0
[INFO] [stderr]     Checking wait-timeout v0.2.0
[INFO] [stderr]     Checking bit-vec v0.6.3
[INFO] [stderr]     Checking tracing-opentelemetry v0.15.0
[INFO] [stderr]     Checking quick-error v1.2.3
[INFO] [stderr]     Checking rusty-fork v0.3.0
[INFO] [stderr]     Checking bit-set v0.5.2
[INFO] [stderr]     Checking rand_xorshift v0.3.0
[INFO] [stderr]     Checking quick-error v2.0.1
[INFO] [stderr]     Checking hex v0.4.3
[INFO] [stderr]     Checking proptest v1.0.0
[INFO] [stderr]     Checking uint v0.9.1
[INFO] [stderr]     Checking spl-governance-tools v0.1.2 (/opt/rustwide/workdir/governance/tools)
[INFO] [stderr]     Checking solana-measure v1.10.19
[INFO] [stderr]     Checking solana-zk-token-sdk v1.10.19
[INFO] [stderr]     Checking solana-zk-token-sdk v0.8.1
[INFO] [stderr]     Checking solana-bucket-map v1.10.19
[INFO] [stderr]     Checking solana-config-program v1.10.19
[INFO] [stderr]     Checking solana-compute-budget-program v1.10.19
[INFO] [stderr]    Compiling enum-ordinalize v3.1.10
[INFO] [stderr]     Checking solana-net-utils v1.10.19
[INFO] [stderr]     Checking spl-governance-addin-api v0.1.2 (/opt/rustwide/workdir/governance/addin-api)
[INFO] [stderr]     Checking solana-zk-token-proof-program v1.10.19
[INFO] [stderr]     Checking spl-memo v3.0.1 (/opt/rustwide/workdir/memo/program)
[INFO] [stderr]     Checking spl-governance-addin-mock v0.1.2 (/opt/rustwide/workdir/governance/addin-mock/program)
[INFO] [stderr]     Checking spl-governance v3.0.0 (/opt/rustwide/workdir/governance/program)
[INFO] [stderr]     Checking spl-token-2022 v0.2.0
[INFO] [stderr]     Checking solana_rbpf v0.2.24
[INFO] [stderr]     Checking spl-math v0.1.0 (/opt/rustwide/workdir/libraries/math)
[INFO] [stderr]     Checking spl-token-2022 v0.3.0 (/opt/rustwide/workdir/token/program-2022)
[INFO] [stderr]    Compiling educe v0.4.18
[INFO] [stdout] warning: variable does not need to be mutable
[INFO] [stdout]    --> token/program-2022/src/extension/confidential_transfer/processor.rs:127:9
[INFO] [stdout]     |
[INFO] [stdout] 127 |     let mut confidential_transfer_account =
[INFO] [stdout]     |         ----^^^^^^^^^^^^^^^^^^^^^^^^^^^^^
[INFO] [stdout]     |         |
[INFO] [stdout]     |         help: remove this `mut`
[INFO] [stdout]     |
[INFO] [stdout]     = note: `#[warn(unused_mut)]` on by default
[INFO] [stdout] 
[INFO] [stdout] 
[INFO] [stdout] warning: variable does not need to be mutable
[INFO] [stdout]    --> token/program-2022/src/extension/confidential_transfer/processor.rs:190:13
[INFO] [stdout]     |
[INFO] [stdout] 190 |         let mut confidential_transfer_state =
[INFO] [stdout]     |             ----^^^^^^^^^^^^^^^^^^^^^^^^^^^
[INFO] [stdout]     |             |
[INFO] [stdout]     |             help: remove this `mut`
[INFO] [stdout] 
[INFO] [stdout] 
[INFO] [stdout] warning: variable does not need to be mutable
[INFO] [stdout]    --> token/program-2022/src/extension/confidential_transfer/processor.rs:223:9
[INFO] [stdout]     |
[INFO] [stdout] 223 |     let mut confidential_transfer_account =
[INFO] [stdout]     |         ----^^^^^^^^^^^^^^^^^^^^^^^^^^^^^
[INFO] [stdout]     |         |
[INFO] [stdout]     |         help: remove this `mut`
[INFO] [stdout] 
[INFO] [stdout] 
[INFO] [stdout] warning: variable does not need to be mutable
[INFO] [stdout]    --> token/program-2022/src/extension/confidential_transfer/processor.rs:325:13
[INFO] [stdout]     |
[INFO] [stdout] 325 |         let mut destination_confidential_transfer_account =
[INFO] [stdout]     |             ----^^^^^^^^^^^^^^^^^^^^^^^^^^^^^^^^^^^^^^^^^
[INFO] [stdout]     |             |
[INFO] [stdout]     |             help: remove this `mut`
[INFO] [stdout] 
[INFO] [stdout] 
[INFO] [stdout] warning: variable does not need to be mutable
[INFO] [stdout]    --> token/program-2022/src/extension/confidential_transfer/processor.rs:405:13
[INFO] [stdout]     |
[INFO] [stdout] 405 |         let mut confidential_transfer_account =
[INFO] [stdout]     |             ----^^^^^^^^^^^^^^^^^^^^^^^^^^^^^
[INFO] [stdout]     |             |
[INFO] [stdout]     |             help: remove this `mut`
[INFO] [stdout] 
[INFO] [stdout] 
[INFO] [stdout] warning: variable does not need to be mutable
[INFO] [stdout]    --> token/program-2022/src/extension/confidential_transfer/processor.rs:645:9
[INFO] [stdout]     |
[INFO] [stdout] 645 |     let mut confidential_transfer_account =
[INFO] [stdout]     |         ----^^^^^^^^^^^^^^^^^^^^^^^^^^^^^
[INFO] [stdout]     |         |
[INFO] [stdout]     |         help: remove this `mut`
[INFO] [stdout] 
[INFO] [stdout] 
[INFO] [stdout] warning: variable does not need to be mutable
[INFO] [stdout]    --> token/program-2022/src/extension/confidential_transfer/processor.rs:690:9
[INFO] [stdout]     |
[INFO] [stdout] 690 |     let mut destination_confidential_transfer_account =
[INFO] [stdout]     |         ----^^^^^^^^^^^^^^^^^^^^^^^^^^^^^^^^^^^^^^^^^
[INFO] [stdout]     |         |
[INFO] [stdout]     |         help: remove this `mut`
[INFO] [stdout] 
[INFO] [stdout] 
[INFO] [stdout] warning: variable does not need to be mutable
[INFO] [stdout]    --> token/program-2022/src/extension/confidential_transfer/processor.rs:776:9
[INFO] [stdout]     |
[INFO] [stdout] 776 |     let mut confidential_transfer_account =
[INFO] [stdout]     |         ----^^^^^^^^^^^^^^^^^^^^^^^^^^^^^
[INFO] [stdout]     |         |
[INFO] [stdout]     |         help: remove this `mut`
[INFO] [stdout] 
[INFO] [stdout] 
[INFO] [stdout] warning: variable does not need to be mutable
[INFO] [stdout]    --> token/program-2022/src/extension/confidential_transfer/processor.rs:819:9
[INFO] [stdout]     |
[INFO] [stdout] 819 |     let mut confidential_transfer_account =
[INFO] [stdout]     |         ----^^^^^^^^^^^^^^^^^^^^^^^^^^^^^
[INFO] [stdout]     |         |
[INFO] [stdout]     |         help: remove this `mut`
[INFO] [stdout] 
[INFO] [stdout] 
[INFO] [stdout] warning: variable does not need to be mutable
[INFO] [stdout]    --> token/program-2022/src/extension/confidential_transfer/processor.rs:870:9
[INFO] [stdout]     |
[INFO] [stdout] 870 |     let mut destination_confidential_transfer_account =
[INFO] [stdout]     |         ----^^^^^^^^^^^^^^^^^^^^^^^^^^^^^^^^^^^^^^^^^
[INFO] [stdout]     |         |
[INFO] [stdout]     |         help: remove this `mut`
[INFO] [stdout] 
[INFO] [stdout] 
[INFO] [stdout] warning: variable does not need to be mutable
[INFO] [stdout]    --> token/program-2022/src/extension/confidential_transfer/processor.rs:992:9
[INFO] [stdout]     |
[INFO] [stdout] 992 |     let mut destination_confidential_transfer_account =
[INFO] [stdout]     |         ----^^^^^^^^^^^^^^^^^^^^^^^^^^^^^^^^^^^^^^^^^
[INFO] [stdout]     |         |
[INFO] [stdout]     |         help: remove this `mut`
[INFO] [stdout] 
[INFO] [stdout] 
[INFO] [stdout] warning: variable does not need to be mutable
[INFO] [stdout]   --> governance/program/src/processor/process_execute_transaction.rs:91:9
[INFO] [stdout]    |
[INFO] [stdout] 91 |     let mut option = &mut proposal_data.options[proposal_transaction_data.option_index as usize];
[INFO] [stdout]    |         ----^^^^^^
[INFO] [stdout]    |         |
[INFO] [stdout]    |         help: remove this `mut`
[INFO] [stdout]    |
[INFO] [stdout]    = note: `#[warn(unused_mut)]` on by default
[INFO] [stdout] 
[INFO] [stdout] 
[INFO] [stdout] warning: variable does not need to be mutable
[INFO] [stdout]   --> governance/program/src/processor/process_remove_transaction.rs:45:9
[INFO] [stdout]    |
[INFO] [stdout] 45 |     let mut option = &mut proposal_data.options[proposal_transaction_data.option_index as usize];
[INFO] [stdout]    |         ----^^^^^^
[INFO] [stdout]    |         |
[INFO] [stdout]    |         help: remove this `mut`
[INFO] [stdout] 
[INFO] [stdout] 
[INFO] [stdout] warning: 11 warnings emitted
[INFO] [stdout] 
[INFO] [stdout] 
[INFO] [stderr]     Checking spl-associated-token-account v1.0.5 (/opt/rustwide/workdir/associated-token-account/program)
[INFO] [stdout] warning: variable does not need to be mutable
[INFO] [stdout]    --> governance/program/src/state/proposal.rs:595:13
[INFO] [stdout]     |
[INFO] [stdout] 595 |         let mut yes_option = &mut self.options[0];
[INFO] [stdout]     |             ----^^^^^^^^^^
[INFO] [stdout]     |             |
[INFO] [stdout]     |             help: remove this `mut`
[INFO] [stdout] 
[INFO] [stdout] 
[INFO] [stdout] warning: 3 warnings emitted
[INFO] [stdout] 
[INFO] [stdout] 
[INFO] [stderr]    Compiling which v4.2.5
[INFO] [stderr]     Checking tokio-serde v0.8.0
[INFO] [stderr]    Compiling proc-macro-hack v0.5.19
[INFO] [stderr]     Checking spl-stake-pool v0.6.4 (/opt/rustwide/workdir/stake-pool/program)
[INFO] [stderr]     Checking tarpc v0.27.2
[INFO] [stdout] warning: variable does not need to be mutable
[INFO] [stdout]    --> stake-pool/program/src/processor.rs:985:13
[INFO] [stdout]     |
[INFO] [stdout] 985 |         let mut validator_stake_info = maybe_validator_stake_info.unwrap();
[INFO] [stdout]     |             ----^^^^^^^^^^^^^^^^^^^^
[INFO] [stdout]     |             |
[INFO] [stdout]     |             help: remove this `mut`
[INFO] [stdout]     |
[INFO] [stdout]     = note: `#[warn(unused_mut)]` on by default
[INFO] [stdout] 
[INFO] [stdout] 
[INFO] [stdout] warning: variable does not need to be mutable
[INFO] [stdout]     --> stake-pool/program/src/processor.rs:1147:13
[INFO] [stdout]      |
[INFO] [stdout] 1147 |         let mut validator_stake_info = maybe_validator_stake_info.unwrap();
[INFO] [stdout]      |             ----^^^^^^^^^^^^^^^^^^^^
[INFO] [stdout]      |             |
[INFO] [stdout]      |             help: remove this `mut`
[INFO] [stdout] 
[INFO] [stdout] 
[INFO] [stdout] warning: variable does not need to be mutable
[INFO] [stdout]     --> stake-pool/program/src/processor.rs:1299:13
[INFO] [stdout]      |
[INFO] [stdout] 1299 |         let mut validator_stake_info = maybe_validator_stake_info.unwrap();
[INFO] [stdout]      |             ----^^^^^^^^^^^^^^^^^^^^
[INFO] [stdout]      |             |
[INFO] [stdout]      |             help: remove this `mut`
[INFO] [stdout] 
[INFO] [stdout] 
[INFO] [stderr]    Compiling fixedbitset v0.4.1
[INFO] [stdout] warning: variable does not need to be mutable
[INFO] [stdout]     --> stake-pool/program/src/processor.rs:1980:13
[INFO] [stdout]      |
[INFO] [stdout] 1980 |         let mut validator_stake_info = validator_list
[INFO] [stdout]      |             ----^^^^^^^^^^^^^^^^^^^^
[INFO] [stdout]      |             |
[INFO] [stdout]      |             help: remove this `mut`
[INFO] [stdout] 
[INFO] [stdout] 
[INFO] [stdout] warning: 4 warnings emitted
[INFO] [stdout] 
[INFO] [stdout] 
[INFO] [stderr]    Compiling prost-derive v0.10.0
[INFO] [stderr]     Checking solana-banks-interface v1.10.19
[INFO] [stderr]    Compiling multimap v0.8.3
[INFO] [stderr]    Compiling cmake v0.1.48
[INFO] [stderr]     Checking solana-banks-client v1.10.19
[INFO] [stderr]    Compiling standback v0.2.17
[INFO] [stderr]    Compiling glob v0.3.0
[INFO] [stderr]     Checking spl-token-lending v0.2.0 (/opt/rustwide/workdir/token-lending/program)
[INFO] [stderr]    Compiling spl-token-2022-test v0.0.1 (/opt/rustwide/workdir/token/program-2022-test)
[INFO] [stderr]    Compiling prost-build v0.10.0
[INFO] [stderr]    Compiling prettyplease v0.1.9
[INFO] [stderr]    Compiling clang-sys v1.3.1
[INFO] [stderr]     Checking tower-layer v0.3.1
[INFO] [stderr]    Compiling minimal-lexical v0.2.1
[INFO] [stderr]     Checking tower v0.4.12
[INFO] [stderr] warning: (not a warning)
[INFO] [stderr]    Compiling nom v7.1.1
[INFO] [stderr]    Compiling const_fn v0.4.9
[INFO] [stderr]    Compiling bindgen v0.59.2
[INFO] [stderr]    Compiling time-macros-impl v0.1.2
[INFO] [stderr]     Checking tokio-io-timeout v1.2.0
[INFO] [stderr]    Compiling petgraph v0.6.0
[INFO] [stderr]    Compiling prost v0.10.0
[INFO] [stderr]    Compiling async-stream-impl v0.3.3
[INFO] [stderr]    Compiling libz-sys v1.1.5
[INFO] [stderr]    Compiling prost-types v0.10.0
[INFO] [stderr]    Compiling time v0.2.27
[INFO] [stderr]    Compiling lazycell v1.3.0
[INFO] [stderr]    Compiling libm v0.2.2
[INFO] [stderr]    Compiling shlex v1.1.0
[INFO] [stderr]    Compiling peeking_take_while v0.1.2
[INFO] [stderr]    Compiling cexpr v0.6.0
[INFO] [stderr]     Checking async-stream v0.3.3
[INFO] [stderr]     Checking time-macros v0.1.1
[INFO] [stderr]     Checking hyper-timeout v0.4.1
[INFO] [stderr]     Checking tracing-futures v0.2.5
[INFO] [stderr]     Checking http-range-header v0.3.0
[INFO] [stderr]     Checking tower-http v0.2.5
[INFO] [stderr]    Compiling tonic-build v0.7.0
[INFO] [stderr]    Compiling prost-derive v0.9.0
[INFO] [stderr]     Checking axum-core v0.2.1
[INFO] [stderr]     Checking simpl v0.1.0
[INFO] [stderr]     Checking matchit v0.5.0
[INFO] [stderr]     Checking sync_wrapper v0.1.1
[INFO] [stderr]     Checking ieee754 v0.2.6
[INFO] [stderr]    Compiling reed-solomon-erasure v5.0.1
[INFO] [stderr]    Compiling solana-storage-proto v1.10.19
[INFO] [stderr]     Checking fast-math v0.1.1
[INFO] [stderr]     Checking arc-swap v1.5.0
[INFO] [stderr]     Checking solana-merkle-tree v1.10.19
[INFO] [stderr]     Checking backoff v0.4.0
[INFO] [stderr]    Compiling derive_arbitrary v1.0.2
[INFO] [stderr]    Compiling solana-ledger v1.10.19
[INFO] [stderr]     Checking axum v0.5.1
[INFO] [stderr]    Compiling unicase v2.6.0
[INFO] [stderr]    Compiling pyo3-build-config v0.15.1
[INFO] [stderr]     Checking spin v0.9.2
[INFO] [stderr]     Checking arbitrary v1.0.3
[INFO] [stderr]    Compiling prost v0.9.0
[INFO] [stderr]    Compiling prost-build v0.9.0
[INFO] [stderr]     Checking solana-remote-wallet v1.10.19
[INFO] [stderr]     Checking idna v0.1.5
[INFO] [stderr]     Checking bstr v0.2.17
[INFO] [stderr]    Compiling solana-bloom v1.10.19
[INFO] [stderr]     Checking percent-encoding v1.0.1
[INFO] [stderr]    Compiling unicode-segmentation v1.8.0
[INFO] [stderr]     Checking trees v0.4.2
[INFO] [stderr]     Checking fs_extra v1.2.0
[INFO] [stderr]    Compiling ucd-trie v0.1.3
[INFO] [stderr]    Compiling convert_case v0.4.0
[INFO] [stderr]    Compiling pest v2.1.3
[INFO] [stderr]    Compiling heck v0.3.3
[INFO] [stderr]     Checking url v1.7.2
[INFO] [stderr]     Checking tonic v0.7.1
[INFO] [stderr]    Compiling derive_more v0.99.17
[INFO] [stderr]     Checking globset v0.4.8
[INFO] [stderr]    Compiling prost-types v0.9.0
[INFO] [stderr]    Compiling enum_dispatch v0.3.7
[INFO] [stderr]     Checking jsonrpc-pubsub v18.0.0
[INFO] [stderr]     Checking sysctl v0.4.4
[INFO] [stderr]    Compiling solana-gossip v1.10.19
[INFO] [stderr]     Checking unix_socket2 v0.5.4
[INFO] [stderr]     Checking users v0.10.0
[INFO] [stderr]    Compiling maplit v1.0.2
[INFO] [stderr]     Checking roots v0.0.7
[INFO] [stderr]     Checking cfg-if v0.1.10
[INFO] [stderr]     Checking solana-sys-tuner v1.10.19
[INFO] [stderr]     Checking net2 v0.2.37
[INFO] [stderr]    Compiling librocksdb-sys v0.6.1+6.28.2
[INFO] [stderr]    Compiling pest_meta v2.1.3
[INFO] [stderr]     Checking jsonrpc-server-utils v18.0.0
[INFO] [stderr]     Checking sha-1 v0.9.8
[INFO] [stderr]     Checking sct v0.6.1
[INFO] [stderr]     Checking webpki v0.21.4
[INFO] [stderr]    Compiling serial_test_derive v0.5.1
[INFO] [stderr]     Checking core_affinity v0.5.10
[INFO] [stderr]    Compiling tonic-build v0.6.2
[INFO] [stderr]     Checking rustls v0.19.1
[INFO] [stderr]    Compiling pest_generator v2.1.3
[INFO] [stderr]     Checking serial_test v0.5.1
[INFO] [stderr]     Checking soketto v0.7.1
[INFO] [stderr]     Checking spl-token-swap v2.1.0 (/opt/rustwide/workdir/token-swap/program)
[INFO] [stderr]     Checking jsonrpc-http-server v18.0.0
[INFO] [stderr]     Checking stream-cancel v0.8.1
[INFO] [stderr]    Compiling jsonrpc-derive v18.0.0
[INFO] [stderr]    Compiling sys-info v0.9.1
[INFO] [stderr]    Compiling honggfuzz v0.5.54
[INFO] [stderr]    Compiling unindent v0.1.7
[INFO] [stderr]    Compiling pest_derive v2.1.0
[INFO] [stderr]    Compiling indoc-impl v0.3.6
[INFO] [stderr]     Checking tokio-rustls v0.22.0
[INFO] [stderr]    Compiling etcd-client v0.8.2
[INFO] [stderr]    Compiling pyo3 v0.15.1
[INFO] [stderr]    Compiling pyo3-macros-backend v0.15.1
[INFO] [stderr]     Checking jsonrpc-client-transports v18.0.0
[INFO] [stderr]     Checking jsonrpc-core-client v18.0.0
[INFO] [stderr]    Compiling solana-replica-lib v1.10.19
[INFO] [stderr]    Compiling paste-impl v0.1.18
[INFO] [stderr]     Checking tonic v0.6.2
[INFO] [stderr]     Checking paste v0.1.18
[INFO] [stderr]     Checking indoc v0.3.6
[INFO] [stderr]     Checking json5 v0.4.1
[INFO] [stderr]    Compiling solana-core v1.10.19
[INFO] [stderr]    Compiling cbindgen v0.16.0
[INFO] [stderr]    Compiling spl-token-cli v2.0.15 (/opt/rustwide/workdir/token/cli)
[INFO] [stderr]     Checking spl-feature-proposal v1.0.0 (/opt/rustwide/workdir/feature-proposal/program)
[INFO] [stderr]     Checking metaplex-token-vault v0.0.1
[INFO] [stderr]     Checking min-max-heap v1.3.0
[INFO] [stderr]     Checking retain_mut v0.1.7
[INFO] [stderr]     Checking metaplex-token-metadata v0.0.1
[INFO] [stderr] warning: (not a warning)
[INFO] [stderr] warning: (not a warning)
[INFO] [stderr] warning: (not a warning)
[INFO] [stderr]     Checking spl-token-swap-fuzz v0.0.1 (/opt/rustwide/workdir/token-swap/program/fuzz)
[INFO] [stderr]     Checking console v0.14.1
[INFO] [stderr]    Compiling pyo3-macros v0.15.1
[INFO] [stderr]     Checking spl-governance-chat v0.2.6 (/opt/rustwide/workdir/governance/chat/program)
[INFO] [stderr]     Checking spl-binary-oracle-pair v0.1.0 (/opt/rustwide/workdir/binary-oracle-pair/program)
[INFO] [stderr]     Checking spl-shared-memory v2.0.6 (/opt/rustwide/workdir/shared-memory/program)
[INFO] [stderr]     Checking spl-name-service v0.2.0 (/opt/rustwide/workdir/name-service/program)
[INFO] [stderr]     Checking spl-record v0.1.0 (/opt/rustwide/workdir/record/program)
[INFO] [stderr]     Checking spl-example-custom-heap v1.0.0 (/opt/rustwide/workdir/examples/rust/custom-heap)
[INFO] [stderr]     Checking spl-example-sysvar v1.0.0 (/opt/rustwide/workdir/examples/rust/sysvar)
[INFO] [stderr]     Checking spl-example-logging v1.0.0 (/opt/rustwide/workdir/examples/rust/logging)
[INFO] [stderr]     Checking spl-example-transfer-lamports v1.0.0 (/opt/rustwide/workdir/examples/rust/transfer-lamports)
[INFO] [stderr]     Checking spl-example-cross-program-invocation v1.0.0 (/opt/rustwide/workdir/examples/rust/cross-program-invocation)
[INFO] [stderr]     Checking stateless-asks v0.1.0 (/opt/rustwide/workdir/stateless-asks/program)
[INFO] [stderr]     Checking test-client v0.1.0 (/opt/rustwide/workdir/utils/test-client)
[INFO] [stderr]     Checking binary-option v0.1.0 (/opt/rustwide/workdir/binary-option/program)
[INFO] [stderr]     Checking flash_loan_receiver v1.0.0 (/opt/rustwide/workdir/token-lending/flash_loan_receiver)
[INFO] [stderr]     Checking bzip2 v0.4.3
[INFO] [stderr]     Checking sim v0.1.0 (/opt/rustwide/workdir/token-swap/program/sim)
[INFO] [stderr]     Checking cgen v0.1.0 (/opt/rustwide/workdir/utils/cgen)
[INFO] [stderr]     Checking lz4 v1.23.3
[INFO] [stderr]     Checking zstd v0.11.1+zstd.1.5.2
[INFO] [stderr] The following warnings were emitted during compilation:
[INFO] [stderr] 
[INFO] [stderr] warning: c++: fatal error: Killed signal terminated program cc1plus
[INFO] [stderr] warning: compilation terminated.
[INFO] [stderr] warning: c++: fatal error: Killed signal terminated program cc1plus
[INFO] [stderr] warning: compilation terminated.
[INFO] [stderr] warning: c++: fatal error: Killed signal terminated program cc1plus
[INFO] [stderr] warning: compilation terminated.
[INFO] [stderr] warning: c++: fatal error: Killed signal terminated program cc1plus
[INFO] [stderr] warning: compilation terminated.
[INFO] [stderr] 
[INFO] [stderr] error: failed to run custom build command for `librocksdb-sys v0.6.1+6.28.2`
[INFO] [stderr] note: To improve backtraces for build dependencies, set the CARGO_PROFILE_DEV_BUILD_OVERRIDE_DEBUG=true environment variable to enable debug information generation.
[INFO] [stderr] 
[INFO] [stderr] Caused by:
[INFO] [stderr]   process didn't exit successfully: `/opt/rustwide/target/debug/build/librocksdb-sys-8c135e6f8f9320ee/build-script-build` (exit status: 1)
[INFO] [stderr]   --- stdout
[INFO] [stderr]   cargo:rerun-if-changed=rocksdb/
[INFO] [stderr]   TARGET = Some("x86_64-unknown-linux-gnu")
[INFO] [stderr]   OPT_LEVEL = Some("0")
[INFO] [stderr]   HOST = Some("x86_64-unknown-linux-gnu")
[INFO] [stderr]   CXX_x86_64-unknown-linux-gnu = None
[INFO] [stderr]   CXX_x86_64_unknown_linux_gnu = None
[INFO] [stderr]   HOST_CXX = None
[INFO] [stderr]   CXX = None
[INFO] [stderr]   CXXFLAGS_x86_64-unknown-linux-gnu = None
[INFO] [stderr]   CXXFLAGS_x86_64_unknown_linux_gnu = None
[INFO] [stderr]   HOST_CXXFLAGS = None
[INFO] [stderr]   CXXFLAGS = None
[INFO] [stderr]   CRATE_CC_NO_DEFAULTS = None
[INFO] [stderr]   DEBUG = Some("true")
[INFO] [stderr]   CARGO_CFG_TARGET_FEATURE = Some("fxsr,sse,sse2")
[INFO] [stderr]   CXX_x86_64-unknown-linux-gnu = None
[INFO] [stderr]   CXX_x86_64_unknown_linux_gnu = None
[INFO] [stderr]   HOST_CXX = None
[INFO] [stderr]   CXX = None
[INFO] [stderr]   CXXFLAGS_x86_64-unknown-linux-gnu = None
[INFO] [stderr]   CXXFLAGS_x86_64_unknown_linux_gnu = None
[INFO] [stderr]   HOST_CXXFLAGS = None
[INFO] [stderr]   CXXFLAGS = None
[INFO] [stderr]   CRATE_CC_NO_DEFAULTS = None
[INFO] [stderr]   CARGO_CFG_TARGET_FEATURE = Some("fxsr,sse,sse2")
[INFO] [stderr]   running: "c++" "-O0" "-ffunction-sections" "-fdata-sections" "-fPIC" "-g" "-fno-omit-frame-pointer" "-m64" "-I" "rocksdb/include/" "-I" "rocksdb/" "-I" "rocksdb/third-party/gtest-1.8.1/fused-src/" "-I" "lz4/lib/" "-I" "." "-Wall" "-Wextra" "-std=c++11" "-Wno-unused-parameter" "-msse2" "-DLZ4=1" "-DNDEBUG=1" "-DOS_LINUX" "-DROCKSDB_PLATFORM_POSIX" "-DROCKSDB_LIB_IO_POSIX" "-DROCKSDB_SUPPORT_THREAD_LOCAL" "-o" "/opt/rustwide/target/debug/build/librocksdb-sys-38604f7a553331d9/out/rocksdb/cache/cache.o" "-c" "rocksdb/cache/cache.cc"
[INFO] [stderr]   exit status: 0
[INFO] [stderr]   running: "c++" "-O0" "-ffunction-sections" "-fdata-sections" "-fPIC" "-g" "-fno-omit-frame-pointer" "-m64" "-I" "rocksdb/include/" "-I" "rocksdb/" "-I" "rocksdb/third-party/gtest-1.8.1/fused-src/" "-I" "lz4/lib/" "-I" "." "-Wall" "-Wextra" "-std=c++11" "-Wno-unused-parameter" "-msse2" "-DLZ4=1" "-DNDEBUG=1" "-DOS_LINUX" "-DROCKSDB_PLATFORM_POSIX" "-DROCKSDB_LIB_IO_POSIX" "-DROCKSDB_SUPPORT_THREAD_LOCAL" "-o" "/opt/rustwide/target/debug/build/librocksdb-sys-38604f7a553331d9/out/rocksdb/cache/cache_entry_roles.o" "-c" "rocksdb/cache/cache_entry_roles.cc"
[INFO] [stderr]   running: "c++" "-O0" "-ffunction-sections" "-fdata-sections" "-fPIC" "-g" "-fno-omit-frame-pointer" "-m64" "-I" "rocksdb/include/" "-I" "rocksdb/" "-I" "rocksdb/third-party/gtest-1.8.1/fused-src/" "-I" "lz4/lib/" "-I" "." "-Wall" "-Wextra" "-std=c++11" "-Wno-unused-parameter" "-msse2" "-DLZ4=1" "-DNDEBUG=1" "-DOS_LINUX" "-DROCKSDB_PLATFORM_POSIX" "-DROCKSDB_LIB_IO_POSIX" "-DROCKSDB_SUPPORT_THREAD_LOCAL" "-o" "/opt/rustwide/target/debug/build/librocksdb-sys-38604f7a553331d9/out/rocksdb/cache/cache_key.o" "-c" "rocksdb/cache/cache_key.cc"
[INFO] [stderr]   exit status: 0
[INFO] [stderr]   exit status: 0
[INFO] [stderr]   running: "c++" "-O0" "-ffunction-sections" "-fdata-sections" "-fPIC" "-g" "-fno-omit-frame-pointer" "-m64" "-I" "rocksdb/include/" "-I" "rocksdb/" "-I" "rocksdb/third-party/gtest-1.8.1/fused-src/" "-I" "lz4/lib/" "-I" "." "-Wall" "-Wextra" "-std=c++11" "-Wno-unused-parameter" "-msse2" "-DLZ4=1" "-DNDEBUG=1" "-DOS_LINUX" "-DROCKSDB_PLATFORM_POSIX" "-DROCKSDB_LIB_IO_POSIX" "-DROCKSDB_SUPPORT_THREAD_LOCAL" "-o" "/opt/rustwide/target/debug/build/librocksdb-sys-38604f7a553331d9/out/rocksdb/cache/clock_cache.o" "-c" "rocksdb/cache/clock_cache.cc"
[INFO] [stderr]   running: "c++" "-O0" "-ffunction-sections" "-fdata-sections" "-fPIC" "-g" "-fno-omit-frame-pointer" "-m64" "-I" "rocksdb/include/" "-I" "rocksdb/" "-I" "rocksdb/third-party/gtest-1.8.1/fused-src/" "-I" "lz4/lib/" "-I" "." "-Wall" "-Wextra" "-std=c++11" "-Wno-unused-parameter" "-msse2" "-DLZ4=1" "-DNDEBUG=1" "-DOS_LINUX" "-DROCKSDB_PLATFORM_POSIX" "-DROCKSDB_LIB_IO_POSIX" "-DROCKSDB_SUPPORT_THREAD_LOCAL" "-o" "/opt/rustwide/target/debug/build/librocksdb-sys-38604f7a553331d9/out/rocksdb/cache/cache_reservation_manager.o" "-c" "rocksdb/cache/cache_reservation_manager.cc"
[INFO] [stderr]   running: "c++" "-O0" "-ffunction-sections" "-fdata-sections" "-fPIC" "-g" "-fno-omit-frame-pointer" "-m64" "-I" "rocksdb/include/" "-I" "rocksdb/" "-I" "rocksdb/third-party/gtest-1.8.1/fused-src/" "-I" "lz4/lib/" "-I" "." "-Wall" "-Wextra" "-std=c++11" "-Wno-unused-parameter" "-msse2" "-DLZ4=1" "-DNDEBUG=1" "-DOS_LINUX" "-DROCKSDB_PLATFORM_POSIX" "-DROCKSDB_LIB_IO_POSIX" "-DROCKSDB_SUPPORT_THREAD_LOCAL" "-o" "/opt/rustwide/target/debug/build/librocksdb-sys-38604f7a553331d9/out/rocksdb/cache/lru_cache.o" "-c" "rocksdb/cache/lru_cache.cc"
[INFO] [stderr]   running: "c++" "-O0" "-ffunction-sections" "-fdata-sections" "-fPIC" "-g" "-fno-omit-frame-pointer" "-m64" "-I" "rocksdb/include/" "-I" "rocksdb/" "-I" "rocksdb/third-party/gtest-1.8.1/fused-src/" "-I" "lz4/lib/" "-I" "." "-Wall" "-Wextra" "-std=c++11" "-Wno-unused-parameter" "-msse2" "-DLZ4=1" "-DNDEBUG=1" "-DOS_LINUX" "-DROCKSDB_PLATFORM_POSIX" "-DROCKSDB_LIB_IO_POSIX" "-DROCKSDB_SUPPORT_THREAD_LOCAL" "-o" "/opt/rustwide/target/debug/build/librocksdb-sys-38604f7a553331d9/out/rocksdb/cache/sharded_cache.o" "-c" "rocksdb/cache/sharded_cache.cc"
[INFO] [stderr]   exit status: 0
[INFO] [stderr]   running: "c++" "-O0" "-ffunction-sections" "-fdata-sections" "-fPIC" "-g" "-fno-omit-frame-pointer" "-m64" "-I" "rocksdb/include/" "-I" "rocksdb/" "-I" "rocksdb/third-party/gtest-1.8.1/fused-src/" "-I" "lz4/lib/" "-I" "." "-Wall" "-Wextra" "-std=c++11" "-Wno-unused-parameter" "-msse2" "-DLZ4=1" "-DNDEBUG=1" "-DOS_LINUX" "-DROCKSDB_PLATFORM_POSIX" "-DROCKSDB_LIB_IO_POSIX" "-DROCKSDB_SUPPORT_THREAD_LOCAL" "-o" "/opt/rustwide/target/debug/build/librocksdb-sys-38604f7a553331d9/out/rocksdb/db/arena_wrapped_db_iter.o" "-c" "rocksdb/db/arena_wrapped_db_iter.cc"
[INFO] [stderr]   exit status: 0
[INFO] [stderr]   running: "c++" "-O0" "-ffunction-sections" "-fdata-sections" "-fPIC" "-g" "-fno-omit-frame-pointer" "-m64" "-I" "rocksdb/include/" "-I" "rocksdb/" "-I" "rocksdb/third-party/gtest-1.8.1/fused-src/" "-I" "lz4/lib/" "-I" "." "-Wall" "-Wextra" "-std=c++11" "-Wno-unused-parameter" "-msse2" "-DLZ4=1" "-DNDEBUG=1" "-DOS_LINUX" "-DROCKSDB_PLATFORM_POSIX" "-DROCKSDB_LIB_IO_POSIX" "-DROCKSDB_SUPPORT_THREAD_LOCAL" "-o" "/opt/rustwide/target/debug/build/librocksdb-sys-38604f7a553331d9/out/rocksdb/db/blob/blob_fetcher.o" "-c" "rocksdb/db/blob/blob_fetcher.cc"
[INFO] [stderr]   exit status: 0
[INFO] [stderr]   running: "c++" "-O0" "-ffunction-sections" "-fdata-sections" "-fPIC" "-g" "-fno-omit-frame-pointer" "-m64" "-I" "rocksdb/include/" "-I" "rocksdb/" "-I" "rocksdb/third-party/gtest-1.8.1/fused-src/" "-I" "lz4/lib/" "-I" "." "-Wall" "-Wextra" "-std=c++11" "-Wno-unused-parameter" "-msse2" "-DLZ4=1" "-DNDEBUG=1" "-DOS_LINUX" "-DROCKSDB_PLATFORM_POSIX" "-DROCKSDB_LIB_IO_POSIX" "-DROCKSDB_SUPPORT_THREAD_LOCAL" "-o" "/opt/rustwide/target/debug/build/librocksdb-sys-38604f7a553331d9/out/rocksdb/db/blob/blob_file_addition.o" "-c" "rocksdb/db/blob/blob_file_addition.cc"
[INFO] [stderr]   exit status: 0
[INFO] [stderr]   running: "c++" "-O0" "-ffunction-sections" "-fdata-sections" "-fPIC" "-g" "-fno-omit-frame-pointer" "-m64" "-I" "rocksdb/include/" "-I" "rocksdb/" "-I" "rocksdb/third-party/gtest-1.8.1/fused-src/" "-I" "lz4/lib/" "-I" "." "-Wall" "-Wextra" "-std=c++11" "-Wno-unused-parameter" "-msse2" "-DLZ4=1" "-DNDEBUG=1" "-DOS_LINUX" "-DROCKSDB_PLATFORM_POSIX" "-DROCKSDB_LIB_IO_POSIX" "-DROCKSDB_SUPPORT_THREAD_LOCAL" "-o" "/opt/rustwide/target/debug/build/librocksdb-sys-38604f7a553331d9/out/rocksdb/db/blob/blob_file_builder.o" "-c" "rocksdb/db/blob/blob_file_builder.cc"
[INFO] [stderr]   exit status: 0
[INFO] [stderr]   exit status: 0
[INFO] [stderr]   running: "c++" "-O0" "-ffunction-sections" "-fdata-sections" "-fPIC" "-g" "-fno-omit-frame-pointer" "-m64" "-I" "rocksdb/include/" "-I" "rocksdb/" "-I" "rocksdb/third-party/gtest-1.8.1/fused-src/" "-I" "lz4/lib/" "-I" "." "-Wall" "-Wextra" "-std=c++11" "-Wno-unused-parameter" "-msse2" "-DLZ4=1" "-DNDEBUG=1" "-DOS_LINUX" "-DROCKSDB_PLATFORM_POSIX" "-DROCKSDB_LIB_IO_POSIX" "-DROCKSDB_SUPPORT_THREAD_LOCAL" "-o" "/opt/rustwide/target/debug/build/librocksdb-sys-38604f7a553331d9/out/rocksdb/db/blob/blob_file_cache.o" "-c" "rocksdb/db/blob/blob_file_cache.cc"
[INFO] [stderr]   exit status: 0
[INFO] [stderr]   exit status: 0
[INFO] [stderr]   exit status: 0
[INFO] [stderr]   running: "c++" "-O0" "-ffunction-sections" "-fdata-sections" "-fPIC" "-g" "-fno-omit-frame-pointer" "-m64" "-I" "rocksdb/include/" "-I" "rocksdb/" "-I" "rocksdb/third-party/gtest-1.8.1/fused-src/" "-I" "lz4/lib/" "-I" "." "-Wall" "-Wextra" "-std=c++11" "-Wno-unused-parameter" "-msse2" "-DLZ4=1" "-DNDEBUG=1" "-DOS_LINUX" "-DROCKSDB_PLATFORM_POSIX" "-DROCKSDB_LIB_IO_POSIX" "-DROCKSDB_SUPPORT_THREAD_LOCAL" "-o" "/opt/rustwide/target/debug/build/librocksdb-sys-38604f7a553331d9/out/rocksdb/db/blob/blob_file_garbage.o" "-c" "rocksdb/db/blob/blob_file_garbage.cc"
[INFO] [stderr]   running: "c++" "-O0" "-ffunction-sections" "-fdata-sections" "-fPIC" "-g" "-fno-omit-frame-pointer" "-m64" "-I" "rocksdb/include/" "-I" "rocksdb/" "-I" "rocksdb/third-party/gtest-1.8.1/fused-src/" "-I" "lz4/lib/" "-I" "." "-Wall" "-Wextra" "-std=c++11" "-Wno-unused-parameter" "-msse2" "-DLZ4=1" "-DNDEBUG=1" "-DOS_LINUX" "-DROCKSDB_PLATFORM_POSIX" "-DROCKSDB_LIB_IO_POSIX" "-DROCKSDB_SUPPORT_THREAD_LOCAL" "-o" "/opt/rustwide/target/debug/build/librocksdb-sys-38604f7a553331d9/out/rocksdb/db/blob/blob_file_meta.o" "-c" "rocksdb/db/blob/blob_file_meta.cc"
[INFO] [stderr]   running: "c++" "-O0" "-ffunction-sections" "-fdata-sections" "-fPIC" "-g" "-fno-omit-frame-pointer" "-m64" "-I" "rocksdb/include/" "-I" "rocksdb/" "-I" "rocksdb/third-party/gtest-1.8.1/fused-src/" "-I" "lz4/lib/" "-I" "." "-Wall" "-Wextra" "-std=c++11" "-Wno-unused-parameter" "-msse2" "-DLZ4=1" "-DNDEBUG=1" "-DOS_LINUX" "-DROCKSDB_PLATFORM_POSIX" "-DROCKSDB_LIB_IO_POSIX" "-DROCKSDB_SUPPORT_THREAD_LOCAL" "-o" "/opt/rustwide/target/debug/build/librocksdb-sys-38604f7a553331d9/out/rocksdb/db/blob/blob_file_reader.o" "-c" "rocksdb/db/blob/blob_file_reader.cc"
[INFO] [stderr]   running: "c++" "-O0" "-ffunction-sections" "-fdata-sections" "-fPIC" "-g" "-fno-omit-frame-pointer" "-m64" "-I" "rocksdb/include/" "-I" "rocksdb/" "-I" "rocksdb/third-party/gtest-1.8.1/fused-src/" "-I" "lz4/lib/" "-I" "." "-Wall" "-Wextra" "-std=c++11" "-Wno-unused-parameter" "-msse2" "-DLZ4=1" "-DNDEBUG=1" "-DOS_LINUX" "-DROCKSDB_PLATFORM_POSIX" "-DROCKSDB_LIB_IO_POSIX" "-DROCKSDB_SUPPORT_THREAD_LOCAL" "-o" "/opt/rustwide/target/debug/build/librocksdb-sys-38604f7a553331d9/out/rocksdb/db/blob/blob_garbage_meter.o" "-c" "rocksdb/db/blob/blob_garbage_meter.cc"
[INFO] [stderr]   exit status: 0
[INFO] [stderr]   exit status: 0
[INFO] [stderr]   running: "c++" "-O0" "-ffunction-sections" "-fdata-sections" "-fPIC" "-g" "-fno-omit-frame-pointer" "-m64" "-I" "rocksdb/include/" "-I" "rocksdb/" "-I" "rocksdb/third-party/gtest-1.8.1/fused-src/" "-I" "lz4/lib/" "-I" "." "-Wall" "-Wextra" "-std=c++11" "-Wno-unused-parameter" "-msse2" "-DLZ4=1" "-DNDEBUG=1" "-DOS_LINUX" "-DROCKSDB_PLATFORM_POSIX" "-DROCKSDB_LIB_IO_POSIX" "-DROCKSDB_SUPPORT_THREAD_LOCAL" "-o" "/opt/rustwide/target/debug/build/librocksdb-sys-38604f7a553331d9/out/rocksdb/db/blob/blob_log_format.o" "-c" "rocksdb/db/blob/blob_log_format.cc"
[INFO] [stderr]   running: "c++" "-O0" "-ffunction-sections" "-fdata-sections" "-fPIC" "-g" "-fno-omit-frame-pointer" "-m64" "-I" "rocksdb/include/" "-I" "rocksdb/" "-I" "rocksdb/third-party/gtest-1.8.1/fused-src/" "-I" "lz4/lib/" "-I" "." "-Wall" "-Wextra" "-std=c++11" "-Wno-unused-parameter" "-msse2" "-DLZ4=1" "-DNDEBUG=1" "-DOS_LINUX" "-DROCKSDB_PLATFORM_POSIX" "-DROCKSDB_LIB_IO_POSIX" "-DROCKSDB_SUPPORT_THREAD_LOCAL" "-o" "/opt/rustwide/target/debug/build/librocksdb-sys-38604f7a553331d9/out/rocksdb/db/blob/blob_log_sequential_reader.o" "-c" "rocksdb/db/blob/blob_log_sequential_reader.cc"
[INFO] [stderr]   running: "c++" "-O0" "-ffunction-sections" "-fdata-sections" "-fPIC" "-g" "-fno-omit-frame-pointer" "-m64" "-I" "rocksdb/include/" "-I" "rocksdb/" "-I" "rocksdb/third-party/gtest-1.8.1/fused-src/" "-I" "lz4/lib/" "-I" "." "-Wall" "-Wextra" "-std=c++11" "-Wno-unused-parameter" "-msse2" "-DLZ4=1" "-DNDEBUG=1" "-DOS_LINUX" "-DROCKSDB_PLATFORM_POSIX" "-DROCKSDB_LIB_IO_POSIX" "-DROCKSDB_SUPPORT_THREAD_LOCAL" "-o" "/opt/rustwide/target/debug/build/librocksdb-sys-38604f7a553331d9/out/rocksdb/db/blob/blob_log_writer.o" "-c" "rocksdb/db/blob/blob_log_writer.cc"
[INFO] [stderr]   exit status: 0
[INFO] [stderr]   exit status: 0
[INFO] [stderr]   running: "c++" "-O0" "-ffunction-sections" "-fdata-sections" "-fPIC" "-g" "-fno-omit-frame-pointer" "-m64" "-I" "rocksdb/include/" "-I" "rocksdb/" "-I" "rocksdb/third-party/gtest-1.8.1/fused-src/" "-I" "lz4/lib/" "-I" "." "-Wall" "-Wextra" "-std=c++11" "-Wno-unused-parameter" "-msse2" "-DLZ4=1" "-DNDEBUG=1" "-DOS_LINUX" "-DROCKSDB_PLATFORM_POSIX" "-DROCKSDB_LIB_IO_POSIX" "-DROCKSDB_SUPPORT_THREAD_LOCAL" "-o" "/opt/rustwide/target/debug/build/librocksdb-sys-38604f7a553331d9/out/rocksdb/db/blob/prefetch_buffer_collection.o" "-c" "rocksdb/db/blob/prefetch_buffer_collection.cc"
[INFO] [stderr]   exit status: 0
[INFO] [stderr]   running: "c++" "-O0" "-ffunction-sections" "-fdata-sections" "-fPIC" "-g" "-fno-omit-frame-pointer" "-m64" "-I" "rocksdb/include/" "-I" "rocksdb/" "-I" "rocksdb/third-party/gtest-1.8.1/fused-src/" "-I" "lz4/lib/" "-I" "." "-Wall" "-Wextra" "-std=c++11" "-Wno-unused-parameter" "-msse2" "-DLZ4=1" "-DNDEBUG=1" "-DOS_LINUX" "-DROCKSDB_PLATFORM_POSIX" "-DROCKSDB_LIB_IO_POSIX" "-DROCKSDB_SUPPORT_THREAD_LOCAL" "-o" "/opt/rustwide/target/debug/build/librocksdb-sys-38604f7a553331d9/out/rocksdb/db/builder.o" "-c" "rocksdb/db/builder.cc"
[INFO] [stderr]   running: "c++" "-O0" "-ffunction-sections" "-fdata-sections" "-fPIC" "-g" "-fno-omit-frame-pointer" "-m64" "-I" "rocksdb/include/" "-I" "rocksdb/" "-I" "rocksdb/third-party/gtest-1.8.1/fused-src/" "-I" "lz4/lib/" "-I" "." "-Wall" "-Wextra" "-std=c++11" "-Wno-unused-parameter" "-msse2" "-DLZ4=1" "-DNDEBUG=1" "-DOS_LINUX" "-DROCKSDB_PLATFORM_POSIX" "-DROCKSDB_LIB_IO_POSIX" "-DROCKSDB_SUPPORT_THREAD_LOCAL" "-o" "/opt/rustwide/target/debug/build/librocksdb-sys-38604f7a553331d9/out/rocksdb/db/c.o" "-c" "rocksdb/db/c.cc"
[INFO] [stderr]   exit status: 0
[INFO] [stderr]   exit status: 0
[INFO] [stderr]   running: "c++" "-O0" "-ffunction-sections" "-fdata-sections" "-fPIC" "-g" "-fno-omit-frame-pointer" "-m64" "-I" "rocksdb/include/" "-I" "rocksdb/" "-I" "rocksdb/third-party/gtest-1.8.1/fused-src/" "-I" "lz4/lib/" "-I" "." "-Wall" "-Wextra" "-std=c++11" "-Wno-unused-parameter" "-msse2" "-DLZ4=1" "-DNDEBUG=1" "-DOS_LINUX" "-DROCKSDB_PLATFORM_POSIX" "-DROCKSDB_LIB_IO_POSIX" "-DROCKSDB_SUPPORT_THREAD_LOCAL" "-o" "/opt/rustwide/target/debug/build/librocksdb-sys-38604f7a553331d9/out/rocksdb/db/column_family.o" "-c" "rocksdb/db/column_family.cc"
[INFO] [stderr]   exit status: 0
[INFO] [stderr]   running: "c++" "-O0" "-ffunction-sections" "-fdata-sections" "-fPIC" "-g" "-fno-omit-frame-pointer" "-m64" "-I" "rocksdb/include/" "-I" "rocksdb/" "-I" "rocksdb/third-party/gtest-1.8.1/fused-src/" "-I" "lz4/lib/" "-I" "." "-Wall" "-Wextra" "-std=c++11" "-Wno-unused-parameter" "-msse2" "-DLZ4=1" "-DNDEBUG=1" "-DOS_LINUX" "-DROCKSDB_PLATFORM_POSIX" "-DROCKSDB_LIB_IO_POSIX" "-DROCKSDB_SUPPORT_THREAD_LOCAL" "-o" "/opt/rustwide/target/debug/build/librocksdb-sys-38604f7a553331d9/out/rocksdb/db/compaction/compaction.o" "-c" "rocksdb/db/compaction/compaction.cc"
[INFO] [stderr]   running: "c++" "-O0" "-ffunction-sections" "-fdata-sections" "-fPIC" "-g" "-fno-omit-frame-pointer" "-m64" "-I" "rocksdb/include/" "-I" "rocksdb/" "-I" "rocksdb/third-party/gtest-1.8.1/fused-src/" "-I" "lz4/lib/" "-I" "." "-Wall" "-Wextra" "-std=c++11" "-Wno-unused-parameter" "-msse2" "-DLZ4=1" "-DNDEBUG=1" "-DOS_LINUX" "-DROCKSDB_PLATFORM_POSIX" "-DROCKSDB_LIB_IO_POSIX" "-DROCKSDB_SUPPORT_THREAD_LOCAL" "-o" "/opt/rustwide/target/debug/build/librocksdb-sys-38604f7a553331d9/out/rocksdb/db/compaction/compaction_iterator.o" "-c" "rocksdb/db/compaction/compaction_iterator.cc"
[INFO] [stderr]   running: "c++" "-O0" "-ffunction-sections" "-fdata-sections" "-fPIC" "-g" "-fno-omit-frame-pointer" "-m64" "-I" "rocksdb/include/" "-I" "rocksdb/" "-I" "rocksdb/third-party/gtest-1.8.1/fused-src/" "-I" "lz4/lib/" "-I" "." "-Wall" "-Wextra" "-std=c++11" "-Wno-unused-parameter" "-msse2" "-DLZ4=1" "-DNDEBUG=1" "-DOS_LINUX" "-DROCKSDB_PLATFORM_POSIX" "-DROCKSDB_LIB_IO_POSIX" "-DROCKSDB_SUPPORT_THREAD_LOCAL" "-o" "/opt/rustwide/target/debug/build/librocksdb-sys-38604f7a553331d9/out/rocksdb/db/compaction/compaction_job.o" "-c" "rocksdb/db/compaction/compaction_job.cc"
[INFO] [stderr]   running: "c++" "-O0" "-ffunction-sections" "-fdata-sections" "-fPIC" "-g" "-fno-omit-frame-pointer" "-m64" "-I" "rocksdb/include/" "-I" "rocksdb/" "-I" "rocksdb/third-party/gtest-1.8.1/fused-src/" "-I" "lz4/lib/" "-I" "." "-Wall" "-Wextra" "-std=c++11" "-Wno-unused-parameter" "-msse2" "-DLZ4=1" "-DNDEBUG=1" "-DOS_LINUX" "-DROCKSDB_PLATFORM_POSIX" "-DROCKSDB_LIB_IO_POSIX" "-DROCKSDB_SUPPORT_THREAD_LOCAL" "-o" "/opt/rustwide/target/debug/build/librocksdb-sys-38604f7a553331d9/out/rocksdb/db/compaction/compaction_picker.o" "-c" "rocksdb/db/compaction/compaction_picker.cc"
[INFO] [stderr]   cargo:warning=c++: fatal error: Killed signal terminated program cc1plus
[INFO] [stderr]   cargo:warning=compilation terminated.
[INFO] [stderr]   exit status: 1
[INFO] [stderr]   running: "c++" "-O0" "-ffunction-sections" "-fdata-sections" "-fPIC" "-g" "-fno-omit-frame-pointer" "-m64" "-I" "rocksdb/include/" "-I" "rocksdb/" "-I" "rocksdb/third-party/gtest-1.8.1/fused-src/" "-I" "lz4/lib/" "-I" "." "-Wall" "-Wextra" "-std=c++11" "-Wno-unused-parameter" "-msse2" "-DLZ4=1" "-DNDEBUG=1" "-DOS_LINUX" "-DROCKSDB_PLATFORM_POSIX" "-DROCKSDB_LIB_IO_POSIX" "-DROCKSDB_SUPPORT_THREAD_LOCAL" "-o" "/opt/rustwide/target/debug/build/librocksdb-sys-38604f7a553331d9/out/rocksdb/db/compaction/compaction_picker_fifo.o" "-c" "rocksdb/db/compaction/compaction_picker_fifo.cc"
[INFO] [stderr]   cargo:warning=c++: fatal error: Killed signal terminated program cc1plus
[INFO] [stderr]   cargo:warning=compilation terminated.
[INFO] [stderr]   exit status: 1
[INFO] [stderr]   cargo:warning=c++: fatal error: Killed signal terminated program cc1plus
[INFO] [stderr]   cargo:warning=compilation terminated.
[INFO] [stderr]   exit status: 1
[INFO] [stderr]   cargo:warning=c++: fatal error: Killed signal terminated program cc1plus
[INFO] [stderr]   cargo:warning=compilation terminated.
[INFO] [stderr]   exit status: 1
[INFO] [stderr]   exit status: 0
[INFO] [stderr]   exit status: 0
[INFO] [stderr]   exit status: 0
[INFO] [stderr]   exit status: 0
[INFO] [stderr] 
[INFO] [stderr]   --- stderr
[INFO] [stderr]   error: 'rustfmt' is not installed for the toolchain '9610dfe5a9a731ced1ea4923ecbd0c57fe367898'
[INFO] [stderr]   note: this is a custom toolchain, which cannot use `rustup component add`
[INFO] [stderr]   help: if you built this toolchain from source, and used `rustup toolchain link`, then you may be able to build the component with `x.py`
[INFO] [stderr]   Failed to run rustfmt: Internal rustfmt error (non-fatal, continuing)
[INFO] [stderr] 
[INFO] [stderr] 
[INFO] [stderr]   error occurred: Command "c++" "-O0" "-ffunction-sections" "-fdata-sections" "-fPIC" "-g" "-fno-omit-frame-pointer" "-m64" "-I" "rocksdb/include/" "-I" "rocksdb/" "-I" "rocksdb/third-party/gtest-1.8.1/fused-src/" "-I" "lz4/lib/" "-I" "." "-Wall" "-Wextra" "-std=c++11" "-Wno-unused-parameter" "-msse2" "-DLZ4=1" "-DNDEBUG=1" "-DOS_LINUX" "-DROCKSDB_PLATFORM_POSIX" "-DROCKSDB_LIB_IO_POSIX" "-DROCKSDB_SUPPORT_THREAD_LOCAL" "-o" "/opt/rustwide/target/debug/build/librocksdb-sys-38604f7a553331d9/out/rocksdb/db/builder.o" "-c" "rocksdb/db/builder.cc" with args "c++" did not execute successfully (status code exit status: 1).
[INFO] [stderr] 
[INFO] [stderr] 
[INFO] [stderr] warning: build failed, waiting for other jobs to finish...
[INFO] running `Command { std: "docker" "inspect" "8748e27393d31dd1d4034ad82375af0cb62205b364465b433bbbab032c908679", kill_on_drop: false }`
[INFO] running `Command { std: "docker" "rm" "-f" "8748e27393d31dd1d4034ad82375af0cb62205b364465b433bbbab032c908679", kill_on_drop: false }`
[INFO] [stdout] 8748e27393d31dd1d4034ad82375af0cb62205b364465b433bbbab032c908679
